q = k - -45. What is the remainder when q is divided by j?
6
Let i = 593 + -532. Calculate the remainder when 298 is divided by i.
54
Suppose -3*r = 4*s + 15, 2*s - 2 = 5*r - 3. Let o = s + 5. Calculate the remainder when 2 is divided by o.
0
Let a = 407 + -158. What is the remainder when a is divided by 11?
7
Let v be 24/20*930/9. Let u(f) = f - 8. Let h be u(12). Suppose 0*r = h*r - v. What is the remainder when r is divided by 8?
7
Let l(p) = -p**3 - 36*p**2 + 77*p + 63. Suppose 0*c = -v + 2*c + 54, c + 3 = 0. What is the remainder when v is divided by l(-38)?
23
Suppose 7*v - 3*v = 760. Calculate the remainder when v is divided by 4.
2
What is the remainder when 108 is divided by 52/(-14*(-10)/105)?
30
Let f(i) = -i + 20. Calculate the remainder when f(11) is divided by (-4)/2 - (-11 - -3).
3
Suppose -b - 5*j + 9 = 0, 0 = -3*b - 2*b - 2*j + 45. Suppose -b*a + 4*a = -225. Calculate the remainder when a is divided by ((-2)/(-1))/((-1)/(-12)).
21
Suppose -3*p + 2*d = -64, -2*p - d = 3 - 34. Suppose -m = -p - 24. Let w(f) = -f**3 + 19*f**2 + 23*f - 49. What is the remainder when m is divided by w(20)?
9
Suppose -10 = -5*i - h, -h + 0 = i + 2. Let x(g) = 7*g**2 - 3*g - 3. Calculate the remainder when x(i) is divided by 9.
6
Suppose -18*r + 948 = 606. Calculate the remainder when 265 is divided by r.
18
Suppose 0 = 3*w - 26 - 52. Let z = 343 + -292. What is the remainder when z is divided by w?
25
Let k = 411 + -390. What is the remainder when k is divided by 2?
1
Suppose -4*h + 12 = -3*n, -14 = -5*h + 3*n + 4. Suppose h*l = 7*l - 4. Suppose f - 4 = -0, 2*a - l*f = 56. What is the remainder when a is divided by 10?
6
Suppose 7*x = 25*x - 288. Calculate the remainder when x is divided by 7.
2
Calculate the remainder when 196 is divided by -5*(-27)/(-225) + 518/5.
93
Let g(f) = 7*f - 13. What is the remainder when 47 is divided by g(4)?
2
Let p(i) = 2*i**2 - 2*i + 5. Let k(q) = -q**2 + 13*q - 22. Let a be k(7). Suppose 4*y - 88 = -a. Calculate the remainder when p(6) is divided by y.
14
Suppose 94 - 14 = 5*f. Let p(l) = 2*l - 9. Let y be p(6). Calculate the remainder when y/(-4) - 508/(-16) is divided by f.
15
Suppose -n + 2*n + y = 206, -4*n = 3*y - 824. What is the remainder when n is divided by 42?
38
Suppose 2*v + 4*f - 150 = 0, 397 = 4*v + 3*f + 112. Calculate the remainder when 289 is divided by v.
13
Suppose -o - 3*z = -26, 0*z - 4*z = 16. Suppose 16 - 12 = -2*g. Calculate the remainder when o is divided by (-7)/g*(-460)/(-161).
8
Suppose 2*p = -t + 295, -p - 11*t + 161 = -6*t. Let n(g) = -g**2 + g + 49. What is the remainder when p is divided by n(0)?
48
Let g = 28 + -15. Suppose 2*y + 3*r + 13 = -2*y, 4*y + 19 = 3*r. Let t = g + y. What is the remainder when 44 is divided by t?
8
Let b(h) = h**3 + 7*h**2 - 9*h - 3. Let o be b(-6). Let m = o - 49. Calculate the remainder when 74 is divided by m/(-4)*(-11 - -9).
17
Suppose 2*o + 18 = 3*n, -2*o = -4*n - 3*o + 13. Suppose 6*i = 2*i + 12. Suppose i*x + 0*x = 42. Calculate the remainder when x is divided by n.
2
Let s(d) = d + 11. Let u be s(-12). Calculate the remainder when 13 is divided by 3 + (2 - 3 - 2/u).
1
Let h = -1351 + 1392. Calculate the remainder when 1515 is divided by h.
39
Let k = 151 - 68. Suppose 6*s - 269 + k = 0. What is the remainder when 153 is divided by s?
29
Suppose -5*z = -z - 52. Suppose -2 = -4*j + 26. Suppose -2*g = -g - j. What is the remainder when z is divided by g?
6
Let i(c) = -c + 8. What is the remainder when (-510)/(-24) - 2/8 is divided by i(0)?
5
Let k = 601 - 586. What is the remainder when 141 is divided by k?
6
Let q(u) = 3*u - 6. Let y be (-1)/4 - (-42)/(-24). Calculate the remainder when y/(-4) - 67/(-2) is divided by q(6).
10
Suppose -126 = -2*f + 20. What is the remainder when f is divided by 3?
1
Suppose 87*k = 3*x + 90*k - 60, -5*x + 82 = -4*k. Calculate the remainder when 76 is divided by x.
4
Suppose p - 10*p + 43 = z, 0 = -3*z + 5*p + 129. What is the remainder when z is divided by 9?
7
Let q(m) = -17*m - 515. What is the remainder when q(-36) is divided by 49?
48
Suppose 15 = 6*s - 3. Suppose -4*f = f - 35. Suppose f*h - 45 = 2*h. What is the remainder when h is divided by s?
0
Suppose k + 4*k = 180. What is the remainder when k is divided by (-5 - (-3 + 1 + -15)) + -2?
6
Suppose 0 = 3*m - 21 + 99. Let l(x) = -8*x - 57. What is the remainder when l(m) is divided by 26?
21
Let l = 284 + -161. Suppose -3*y = 4*h - l, 3*h + 2*y + 2*y - 87 = 0. What is the remainder when 130 is divided by h?
31
Suppose 15 = -g + 2*g. Suppose -13*f + 38 = -8*f + 2*n, 8 = 2*f + 2*n. What is the remainder when g is divided by f?
5
Let k(u) be the third derivative of u**5/20 - u**4/4 + u**3 + 17*u**2. Calculate the remainder when 15 is divided by k(2).
3
Let g = -34 - -41. Suppose -5*v = -a - 25, 2 = -2*v - 5*a - 15. What is the remainder when g is divided by v?
3
Let h = -394 - -400. What is the remainder when 11 is divided by h?
5
Calculate the remainder when (-211)/(-3) + (-17)/51 is divided by 25.
20
Suppose 2*v + 3*r = 6 + 35, 5*v - 3*r = 92. Let c = 20 - v. What is the remainder when 5 is divided by c?
0
Suppose -2*v = -0*v. Suppose v = 13*h - 18*h + 145. What is the remainder when h is divided by -1 + 2 - (-11 - -1)?
7
Suppose 3*m - 139 = 80. Let i(t) = 4*t**3 + 2*t**2 - 16*t + 31. What is the remainder when m is divided by i(2)?
34
Suppose 2*s + 0*s + 2 = 0. Calculate the remainder when 13 - (0 - -2) - (-42)/(-7) is divided by (-1)/s*1*4.
1
Let s = 12 + -5. Let i(x) = -x**3 + 8*x**2 - x - 8. Suppose 4*c = 38 + 10. What is the remainder when i(s) is divided by c?
10
What is the remainder when 38 is divided by (-6)/(99/(-30) + 3)?
18
Suppose 4*m = l + 63, -43 = -m - 2*m + 5*l. Let s = 10 - 8. Suppose -2*n + 156 = 5*q + n, q - s*n - 26 = 0. Calculate the remainder when q is divided by m.
14
Suppose -12*i + 11624 = 428. What is the remainder when i is divided by 117?
114
Suppose -33 = -4*f + 43. Calculate the remainder when f is divided by 5.
4
Suppose 2*c + 2*s = -0*c + 966, 453 = c - 5*s. Calculate the remainder when c is divided by 60.
58
Suppose -i - 4*d = 4, 4*d - 2*d = 3*i - 2. Let l(g) = g**3 - g**2 - g + 28. Calculate the remainder when 54 is divided by l(i).
26
Let z be 0 - (3/1 + (3 - -29)). What is the remainder when 41 is divided by (-725)/z - (-8)/28?
20
Let o(r) = -23*r - 2. Let d be o(-3). Suppose h - d = -3*m, 4*m - 5 - 75 = h. Let j = -10 + m. What is the remainder when j is divided by 7?
4
Suppose p - 57 = -2*p - 2*d, 6 = -2*d. Suppose 2*s = n - p, -n + 2*s - 41 = -2*n. Calculate the remainder when n is divided by 18.
13
Suppose 0 = 12*h - 3799 - 185. Calculate the remainder when h is divided by 48.
44
Let t(i) = -26*i**2 + i + 6. Let h(b) = 26*b**2 - b - 5. Let s(f) = 7*h(f) + 6*t(f). Let a = 134 + -84. What is the remainder when a is divided by s(1)?
24
Let x(l) be the second derivative of -2*l**3/3 - 12*l**2 + 5*l. Let p be x(-18). Suppose 4*t = -0*t + p. What is the remainder when t is divided by 3?
0
Let o(n) = 149*n + 4. Let c be o(-8). Calculate the remainder when -2*(1 + 0)*c/22 is divided by 22.
20
Let g = 7 + -2. Let x(v) = 3*v + 3*v - 4*v + 5*v + g - v**2. Calculate the remainder when 43 is divided by x(6).
10
Suppose 3*o + u = 7*o - 104, 78 = 3*o - 5*u. Suppose -j = 5*p - 2, 4*p - 70 = 4*j - j. Let t = o + j. Calculate the remainder when 30 is divided by t.
6
Let s(b) = 59*b**2 - 11*b - 10. Let x be s(-4). Suppose -226 = 8*w - x. What is the remainder when w is divided by 32?
30
Let x(d) = d**3 + 5*d**2 + 3*d - 4. Let b = 26 + -29. Let s be x(b). Suppose -4*z = -5*z + s. Calculate the remainder when 27 is divided by z.
2
Let k(f) = -34*f - 22. Let l = -88 + 86. Calculate the remainder when k(l) is divided by 17.
12
Suppose -13*q - 2179 + 398 = 0. Let r = q + 141. Calculate the remainder when 19 is divided by r.
3
Suppose 4*d + 4*h + 0*h - 468 = 0, 3*h = 4*d - 482. Suppose 8*r - 7*r = -54. Let q = r + d. Calculate the remainder when q is divided by 17.
14
Let q be 6*(-5)/(-27 + -3). Let x = 32 - q. What is the remainder when x is divided by 17?
14
Let g(i) = -i**2 + 5. Calculate the remainder when 5 is divided by g(0).
0
Let c(y) = -y**2 + 8*y - 8. Let h be c(6). Suppose 186 = 2*d + h*d. What is the remainder when 58 is divided by 